{"id":7,"date":"2025-07-17T18:00:11","date_gmt":"2025-07-17T16:00:11","guid":{"rendered":"https:\/\/ol5.waw.pl\/?page_id=7"},"modified":"2025-07-17T18:28:37","modified_gmt":"2025-07-17T16:28:37","slug":"elementor-7","status":"publish","type":"page","link":"https:\/\/ol5.waw.pl\/","title":{"rendered":"Elementor #7"},"content":{"rendered":"\t\t<div data-elementor-type=\"wp-post\" data-elementor-id=\"7\" class=\"elementor elementor-7\">\n\t\t\t\t<div class=\"elementor-element elementor-element-34adac7 e-con-full e-flex e-con e-parent\" data-id=\"34adac7\" data-element_type=\"container\" data-e-type=\"container\" data-settings=\"{&quot;background_background&quot;:&quot;classic&quot;}\">\n\t\t<div class=\"elementor-element elementor-element-8541041 e-con-full e-flex e-con e-child\" data-id=\"8541041\" data-element_type=\"container\" data-e-type=\"container\">\n\t\t\t\t<\/div>\n\t\t<div class=\"elementor-element elementor-element-00da856 e-con-full e-flex e-con e-child\" data-id=\"00da856\" data-element_type=\"container\" data-e-type=\"container\">\n\t\t\t\t<div class=\"elementor-element elementor-element-57fd76f elementor-widget elementor-widget-image\" data-id=\"57fd76f\" data-element_type=\"widget\" data-e-type=\"widget\" data-widget_type=\"image.default\">\n\t\t\t\t\t\t\t\t\t\t\t\t\t\t\t<img decoding=\"async\" width=\"150\" height=\"150\" src=\"https:\/\/ol5.waw.pl\/wp-content\/uploads\/2025\/07\/logo_ol5_waw-150x150.png\" class=\"attachment-thumbnail size-thumbnail wp-image-11\" alt=\"\" srcset=\"https:\/\/ol5.waw.pl\/wp-content\/uploads\/2025\/07\/logo_ol5_waw-150x150.png 150w, https:\/\/ol5.waw.pl\/wp-content\/uploads\/2025\/07\/logo_ol5_waw-300x300.png 300w, https:\/\/ol5.waw.pl\/wp-content\/uploads\/2025\/07\/logo_ol5_waw-1024x1024.png 1024w, https:\/\/ol5.waw.pl\/wp-content\/uploads\/2025\/07\/logo_ol5_waw-768x768.png 768w, https:\/\/ol5.waw.pl\/wp-content\/uploads\/2025\/07\/logo_ol5_waw.png 1100w\" sizes=\"(max-width: 150px) 100vw, 150px\" \/>\t\t\t\t\t\t\t\t\t\t\t\t\t\t\t<\/div>\n\t\t\t\t<div class=\"elementor-element elementor-element-f8081b2 elementor-widget elementor-widget-heading\" data-id=\"f8081b2\" data-element_type=\"widget\" data-e-type=\"widget\" data-widget_type=\"heading.default\">\n\t\t\t\t\t<h3 class=\"elementor-heading-title elementor-size-default\">Wsp\u00f3lnota Mieszkaniowa<\/h3>\t\t\t\t<\/div>\n\t\t\t\t<div class=\"elementor-element elementor-element-c4db673 elementor-widget elementor-widget-heading\" data-id=\"c4db673\" data-element_type=\"widget\" data-e-type=\"widget\" data-widget_type=\"heading.default\">\n\t\t\t\t\t<h2 class=\"elementor-heading-title elementor-size-default\">Osiedle Le\u015bne 5<\/h2>\t\t\t\t<\/div>\n\t\t\t\t<div class=\"elementor-element elementor-element-eade9c7 elementor-widget elementor-widget-heading\" data-id=\"eade9c7\" data-element_type=\"widget\" data-e-type=\"widget\" data-widget_type=\"heading.default\">\n\t\t\t\t\t<h3 class=\"elementor-heading-title elementor-size-default\">ul. Obro\u0144c\u00f3w Tobruku 23, 23A<\/h3>\t\t\t\t<\/div>\n\t\t\t\t<div class=\"elementor-element elementor-element-19d0092 elementor-widget elementor-widget-heading\" data-id=\"19d0092\" data-element_type=\"widget\" data-e-type=\"widget\" data-widget_type=\"heading.default\">\n\t\t\t\t\t<h3 class=\"elementor-heading-title elementor-size-default\">01-494 Warszawa<\/h3>\t\t\t\t<\/div>\n\t\t\t\t<div class=\"elementor-element elementor-element-202b697 elementor-widget elementor-widget-heading\" data-id=\"202b697\" data-element_type=\"widget\" data-e-type=\"widget\" data-widget_type=\"heading.default\">\n\t\t\t\t\t<h3 class=\"elementor-heading-title elementor-size-default\">e-mail: zarzad@ol5.waw.pl<\/h3>\t\t\t\t<\/div>\n\t\t\t\t<\/div>\n\t\t\t\t<\/div>\n\t\t\t\t<\/div>\n\t\t","protected":false},"excerpt":{"rendered":"<p>Wsp\u00f3lnota Mieszkaniowa Osiedle Le\u015bne 5 ul. Obro\u0144c\u00f3w Tobruku 23, 23A 01-494 Warszawa e-mail: zarzad@ol5.waw.pl<\/p>\n","protected":false},"author":1,"featured_media":0,"parent":0,"menu_order":0,"comment_status":"closed","ping_status":"closed","template":"elementor_header_footer","meta":{"footnotes":""},"class_list":["post-7","page","type-page","status-publish"],"_links":{"self":[{"href":"https:\/\/ol5.waw.pl\/index.php\/wp-json\/wp\/v2\/pages\/7","targetHints":{"allow":["GET"]}}],"collection":[{"href":"https:\/\/ol5.waw.pl\/index.php\/wp-json\/wp\/v2\/pages"}],"about":[{"href":"https:\/\/ol5.waw.pl\/index.php\/wp-json\/wp\/v2\/types\/page"}],"author":[{"embeddable":true,"href":"https:\/\/ol5.waw.pl\/index.php\/wp-json\/wp\/v2\/users\/1"}],"replies":[{"embeddable":true,"href":"https:\/\/ol5.waw.pl\/index.php\/wp-json\/wp\/v2\/comments?post=7"}],"version-history":[{"count":28,"href":"https:\/\/ol5.waw.pl\/index.php\/wp-json\/wp\/v2\/pages\/7\/revisions"}],"predecessor-version":[{"id":38,"href":"https:\/\/ol5.waw.pl\/index.php\/wp-json\/wp\/v2\/pages\/7\/revisions\/38"}],"wp:attachment":[{"href":"https:\/\/ol5.waw.pl\/index.php\/wp-json\/wp\/v2\/media?parent=7"}],"curies":[{"name":"wp","href":"https:\/\/api.w.org\/{rel}","templated":true}]}}